{"id":8,"date":"2017-12-06T16:53:56","date_gmt":"2017-12-06T16:53:56","guid":{"rendered":"http:\/\/www.encontroalumni.uevora.pt\/?page_id=2"},"modified":"2025-06-13T22:37:08","modified_gmt":"2025-06-13T22:37:08","slug":"pagina-exemplo","status":"publish","type":"page","link":"https:\/\/www.encontroalumni.uevora.pt\/2025\/","title":{"rendered":"Encontro"},"content":{"rendered":"\n<p class=\"has-text-align-center\"><span style=\"font-size: inherit\">H\u00e1 quanto tempo n\u00e3o v\u00ea os seus amigos e colegas de universidade?<br><\/span>Tem curiosidade em saber por onde andam e o que fazem?<br>Esteve na edi\u00e7\u00e3o anterior e est\u00e1 a contar os dias para voltar ao Col\u00e9gio do Esp\u00edrito Santo? Temos boas not\u00edcias!<\/p>\n\n\n\n<h2 class=\"wp-block-heading has-text-align-center\"><strong>O IV Encontro Alumni est\u00e1 de volta j\u00e1 no pr\u00f3ximo dia 28 de Junho!<\/strong><\/h2>\n\n\n\n<p class=\"has-text-align-center\">Participe nesta edi\u00e7\u00e3o e, por um dia, volte ao tempo de estudante!<\/p>\n\n\n\n<p class=\"has-text-align-center\">Venha partilhar hist\u00f3rias, conviver com alumni de outros anos e ver como a universidade mudou. Encontramo-nos l\u00e1?<\/p>\n\n\n\n<h5 class=\"wp-block-heading has-text-align-center\"><strong>Para saber como se inscrever, consulte o separador &#8220;<a href=\"https:\/\/www.encontroalumni.uevora.pt\/inscricao\/\">Inscri\u00e7\u00e3o<\/a>&#8220;.<\/strong><br><\/h5>\n\n\n<div class=\"wp-block-image is-style-default\">\n<figure class=\"aligncenter is-resized\"><img loading=\"lazy\" decoding=\"async\" width=\"644\" height=\"430\" src=\"http:\/\/www.encontroalumni.uevora.pt\/wp-content\/uploads\/sites\/8\/2025\/02\/53743210314_2f417ff33b_c-644x430.jpg\" alt=\"\" class=\"wp-image-1862\" style=\"width:660px;height:auto\" srcset=\"https:\/\/www.encontroalumni.uevora.pt\/2025\/wp-content\/uploads\/sites\/8\/2025\/02\/53743210314_2f417ff33b_c-644x430.jpg 644w, https:\/\/www.encontroalumni.uevora.pt\/2025\/wp-content\/uploads\/sites\/8\/2025\/02\/53743210314_2f417ff33b_c-300x200.jpg 300w, https:\/\/www.encontroalumni.uevora.pt\/2025\/wp-content\/uploads\/sites\/8\/2025\/02\/53743210314_2f417ff33b_c-768x512.jpg 768w, https:\/\/www.encontroalumni.uevora.pt\/2025\/wp-content\/uploads\/sites\/8\/2025\/02\/53743210314_2f417ff33b_c.jpg 799w\" sizes=\"auto, (max-width: 644px) 100vw, 644px\" \/><\/figure><\/div>\n\n\n<p><\/p>\n\n\n\n<h4 class=\"wp-block-heading has-text-align-center\"><\/h4>\n","protected":false},"excerpt":{"rendered":"<p>H\u00e1 quanto tempo n\u00e3o v\u00ea os seus amigos e colegas de universidade?Tem curiosidade em saber por onde andam e o que fazem?Esteve na edi\u00e7\u00e3o anterior e est\u00e1 a contar os dias para voltar ao Col\u00e9gio do Esp\u00edrito Santo? Temos boas not\u00edcias! O IV Encontro Alumni est\u00e1 de volta j\u00e1 no pr\u00f3ximo dia 28 de Junho!&#8230;<\/p>\n","protected":false},"author":24,"featured_media":0,"parent":0,"menu_order":0,"comment_status":"closed","ping_status":"open","template":"","meta":{"footnotes":""},"class_list":["post-8","page","type-page","status-publish","hentry"],"_links":{"self":[{"href":"https:\/\/www.encontroalumni.uevora.pt\/2025\/wp-json\/wp\/v2\/pages\/8","targetHints":{"allow":["GET"]}}],"collection":[{"href":"https:\/\/www.encontroalumni.uevora.pt\/2025\/wp-json\/wp\/v2\/pages"}],"about":[{"href":"https:\/\/www.encontroalumni.uevora.pt\/2025\/wp-json\/wp\/v2\/types\/page"}],"author":[{"embeddable":true,"href":"https:\/\/www.encontroalumni.uevora.pt\/2025\/wp-json\/wp\/v2\/users\/24"}],"replies":[{"embeddable":true,"href":"https:\/\/www.encontroalumni.uevora.pt\/2025\/wp-json\/wp\/v2\/comments?post=8"}],"version-history":[{"count":37,"href":"https:\/\/www.encontroalumni.uevora.pt\/2025\/wp-json\/wp\/v2\/pages\/8\/revisions"}],"predecessor-version":[{"id":1982,"href":"https:\/\/www.encontroalumni.uevora.pt\/2025\/wp-json\/wp\/v2\/pages\/8\/revisions\/1982"}],"wp:attachment":[{"href":"https:\/\/www.encontroalumni.uevora.pt\/2025\/wp-json\/wp\/v2\/media?parent=8"}],"curies":[{"name":"wp","href":"https:\/\/api.w.org\/{rel}","templated":true}]}}

<p class="has-text-align-center"><span style="font-size: inherit">Há quanto tempo não vê os seus amigos e colegas de universidade?<br></span>Tem curiosidade em saber por onde andam e o que fazem?<br>Esteve na edição anterior e está a contar os dias para voltar ao Colégio do Espírito Santo? Temos boas notícias!</p>



<h2 class="wp-block-heading has-text-align-center"><strong>O IV Encontro Alumni está de volta já no próximo dia 28 de Junho!</strong></h2>



<p class="has-text-align-center">Participe nesta edição e, por um dia, volte ao tempo de estudante!</p>



<p class="has-text-align-center">Venha partilhar histórias, conviver com alumni de outros anos e ver como a universidade mudou. Encontramo-nos lá?</p>



<h5 class="wp-block-heading has-text-align-center"><strong>Para saber como se inscrever, consulte o separador &#8220;<a href="https://www.encontroalumni.uevora.pt/inscricao/">Inscrição</a>&#8220;.</strong><br></h5>


<div class="wp-block-image is-style-default">
<figure class="aligncenter is-resized"><img loading="lazy" decoding="async" width="644" height="430" src="http://www.encontroalumni.uevora.pt/wp-content/uploads/sites/8/2025/02/53743210314_2f417ff33b_c-644x430.jpg" alt="" class="wp-image-1862" style="width:660px;height:auto" srcset="https://www.encontroalumni.uevora.pt/2025/wp-content/uploads/sites/8/2025/02/53743210314_2f417ff33b_c-644x430.jpg 644w, https://www.encontroalumni.uevora.pt/2025/wp-content/uploads/sites/8/2025/02/53743210314_2f417ff33b_c-300x200.jpg 300w, https://www.encontroalumni.uevora.pt/2025/wp-content/uploads/sites/8/2025/02/53743210314_2f417ff33b_c-768x512.jpg 768w, https://www.encontroalumni.uevora.pt/2025/wp-content/uploads/sites/8/2025/02/53743210314_2f417ff33b_c.jpg 799w" sizes="auto, (max-width: 644px) 100vw, 644px" /></figure></div>


<p></p>



<h4 class="wp-block-heading has-text-align-center"></h4>

<p>Há quanto tempo não vê os seus amigos e colegas de universidade?Tem curiosidade em saber por onde andam e o que fazem?Esteve na edição anterior e está a contar os dias para voltar ao Colégio do Espírito Santo? Temos boas notícias! O IV Encontro Alumni está de volta já no próximo dia 28 de Junho!&#8230;</p>
