{"id":101,"date":"2017-12-15T16:30:05","date_gmt":"2017-12-15T16:30:05","guid":{"rendered":"http:\/\/www.encontroalumni.uevora.pt\/?page_id=101"},"modified":"2025-06-24T09:01:59","modified_gmt":"2025-06-24T09:01:59","slug":"programa","status":"publish","type":"page","link":"https:\/\/www.encontroalumni.uevora.pt\/2025\/programa\/","title":{"rendered":"Programa"},"content":{"rendered":"\n<div class=\"wp-block-media-text alignwide is-vertically-aligned-bottom is-stacked-on-mobile\"><figure class=\"wp-block-media-text__media\"><img loading=\"lazy\" decoding=\"async\" width=\"644\" height=\"1145\" src=\"http:\/\/www.encontroalumni.uevora.pt\/wp-content\/uploads\/sites\/8\/2025\/02\/WhatsApp-Image-2025-02-03-at-16.52.27-1-644x1145.jpeg\" alt=\"\" class=\"wp-image-1861 size-full\" srcset=\"https:\/\/www.encontroalumni.uevora.pt\/2025\/wp-content\/uploads\/sites\/8\/2025\/02\/WhatsApp-Image-2025-02-03-at-16.52.27-1-644x1145.jpeg 644w, https:\/\/www.encontroalumni.uevora.pt\/2025\/wp-content\/uploads\/sites\/8\/2025\/02\/WhatsApp-Image-2025-02-03-at-16.52.27-1-169x300.jpeg 169w, https:\/\/www.encontroalumni.uevora.pt\/2025\/wp-content\/uploads\/sites\/8\/2025\/02\/WhatsApp-Image-2025-02-03-at-16.52.27-1-768x1365.jpeg 768w, https:\/\/www.encontroalumni.uevora.pt\/2025\/wp-content\/uploads\/sites\/8\/2025\/02\/WhatsApp-Image-2025-02-03-at-16.52.27-1-864x1536.jpeg 864w, https:\/\/www.encontroalumni.uevora.pt\/2025\/wp-content\/uploads\/sites\/8\/2025\/02\/WhatsApp-Image-2025-02-03-at-16.52.27-1.jpeg 1125w\" sizes=\"auto, (max-width: 644px) 100vw, 644px\" \/><\/figure><div class=\"wp-block-media-text__content\">\n<h4 class=\"wp-block-heading\"><\/h4>\n\n\n\n<p class=\"has-large-font-size\"><strong>Programa<\/strong> <\/p>\n\n\n\n<p><em><strong>Col\u00e9gio do Esp\u00edrito Santo<\/strong><\/em><\/p>\n\n\n\n<p><\/p>\n\n\n\n<p><strong>11h00  <\/strong>Rece\u00e7\u00e3o dos participantes e <br><em>Welcome Coffee<\/em> <em>by<\/em> <a href=\"https:\/\/deltacafes.com\/\" data-type=\"link\" data-id=\"https:\/\/deltacafes.com\/\">Delta Caf\u00e9s<\/a><\/p>\n\n\n\n<p><strong>12h00  <\/strong>Boas-vindas &#8211; Sala dos Actos:<\/p>\n\n\n\n<ul class=\"wp-block-list\">\n<li>Herm\u00ednia Vasconcelos Vilar, Magn\u00edfica Reitora da Universidade de \u00c9vora<\/li>\n\n\n\n<li>&#8220;Microfone Aberto&#8221; &#8211; Testemunhos de Alumni<\/li>\n\n\n\n<li>Fotografia de Grupo<\/li>\n<\/ul>\n\n\n\n<p><strong>13h00  <\/strong>Almo\u00e7o &#8211; Sala 129<\/p>\n\n\n\n<p><strong>14h30  <\/strong>Momento Musical com Tunas e Grupos Acad\u00e9micos &#8211; Audit\u00f3rio Nobre da U\u00c9vora:<br>&#8211; CORU\u00c9: Coro da Universidade de \u00c9vora<br>&#8211; TESESJD: Tuna da Escola Superior de Enfermagem S\u00e3o Jo\u00e3o de Deus<br>&#8211; TAFU\u00c9: Tuna Acad\u00e9mica Feminina <br>da U\u00c9vora<br>&#8211; TAU\u00c9: Tuna Acad\u00e9mica da U\u00c9vora<br>&#8211; GAS: Grupo Acad\u00e9mico Seistetos<\/p>\n\n\n\n<p><strong>16h00<\/strong> <em>Cocktail<\/em> ao som do DJ Pantale\u00e3o &#8211; Jardim do Granito<\/p>\n\n\n\n<p><strong>18h30<\/strong> Encerramento<\/p>\n\n\n\n<ul class=\"wp-block-list\">\n<li>Jo\u00e3o Nabais, Vice-Reitor da Universidade de \u00c9vora<\/li>\n<\/ul>\n<\/div><\/div>\n\n\n\n<p><br><strong>Dress Code<\/strong> | Casual &#8211; Poder\u00e1 fazer-se acompanhar pela sua Capa de Estudante.<\/p>\n\n\n\n<p><strong>Pre\u00e7\u00e1rio:<\/strong><br>Sem almo\u00e7o (com <em>Welcome Coffee<\/em> e <em>Cocktail<\/em>)- 10\u20ac por pessoa (adulto) <br>Com almo\u00e7o \u2013 25\u20ac por pessoa (adulto) \/ 12,50\u20ac por pessoa (dos 3 aos 12 anos) \/ Gratuito (at\u00e9 aos 2 anos)<\/p>\n\n\n\n<p><\/p>\n\n\n\n<p><\/p>\n","protected":false},"excerpt":{"rendered":"<p>Dress Code | Casual &#8211; Poder\u00e1 fazer-se acompanhar pela sua Capa de Estudante. Pre\u00e7\u00e1rio:Sem almo\u00e7o (com Welcome Coffee e Cocktail)- 10\u20ac por pessoa (adulto) Com almo\u00e7o \u2013 25\u20ac por pessoa (adulto) \/ 12,50\u20ac por pessoa (dos 3 aos 12 anos) \/ Gratuito (at\u00e9 aos 2 anos)<\/p>\n","protected":false},"author":5,"featured_media":0,"parent":0,"menu_order":0,"comment_status":"closed","ping_status":"closed","template":"","meta":{"footnotes":""},"class_list":["post-101","page","type-page","status-publish","hentry"],"_links":{"self":[{"href":"https:\/\/www.encontroalumni.uevora.pt\/2025\/wp-json\/wp\/v2\/pages\/101","targetHints":{"allow":["GET"]}}],"collection":[{"href":"https:\/\/www.encontroalumni.uevora.pt\/2025\/wp-json\/wp\/v2\/pages"}],"about":[{"href":"https:\/\/www.encontroalumni.uevora.pt\/2025\/wp-json\/wp\/v2\/types\/page"}],"author":[{"embeddable":true,"href":"https:\/\/www.encontroalumni.uevora.pt\/2025\/wp-json\/wp\/v2\/users\/5"}],"replies":[{"embeddable":true,"href":"https:\/\/www.encontroalumni.uevora.pt\/2025\/wp-json\/wp\/v2\/comments?post=101"}],"version-history":[{"count":74,"href":"https:\/\/www.encontroalumni.uevora.pt\/2025\/wp-json\/wp\/v2\/pages\/101\/revisions"}],"predecessor-version":[{"id":1990,"href":"https:\/\/www.encontroalumni.uevora.pt\/2025\/wp-json\/wp\/v2\/pages\/101\/revisions\/1990"}],"wp:attachment":[{"href":"https:\/\/www.encontroalumni.uevora.pt\/2025\/wp-json\/wp\/v2\/media?parent=101"}],"curies":[{"name":"wp","href":"https:\/\/api.w.org\/{rel}","templated":true}]}}

<div class="wp-block-media-text alignwide is-vertically-aligned-bottom is-stacked-on-mobile"><figure class="wp-block-media-text__media"><img loading="lazy" decoding="async" width="644" height="1145" src="http://www.encontroalumni.uevora.pt/wp-content/uploads/sites/8/2025/02/WhatsApp-Image-2025-02-03-at-16.52.27-1-644x1145.jpeg" alt="" class="wp-image-1861 size-full" srcset="https://www.encontroalumni.uevora.pt/2025/wp-content/uploads/sites/8/2025/02/WhatsApp-Image-2025-02-03-at-16.52.27-1-644x1145.jpeg 644w, https://www.encontroalumni.uevora.pt/2025/wp-content/uploads/sites/8/2025/02/WhatsApp-Image-2025-02-03-at-16.52.27-1-169x300.jpeg 169w, https://www.encontroalumni.uevora.pt/2025/wp-content/uploads/sites/8/2025/02/WhatsApp-Image-2025-02-03-at-16.52.27-1-768x1365.jpeg 768w, https://www.encontroalumni.uevora.pt/2025/wp-content/uploads/sites/8/2025/02/WhatsApp-Image-2025-02-03-at-16.52.27-1-864x1536.jpeg 864w, https://www.encontroalumni.uevora.pt/2025/wp-content/uploads/sites/8/2025/02/WhatsApp-Image-2025-02-03-at-16.52.27-1.jpeg 1125w" sizes="auto, (max-width: 644px) 100vw, 644px" /></figure><div class="wp-block-media-text__content">
<h4 class="wp-block-heading"></h4>



<p class="has-large-font-size"><strong>Programa</strong> </p>



<p><em><strong>Colégio do Espírito Santo</strong></em></p>



<p></p>



<p><strong>11h00  </strong>Receção dos participantes e <br><em>Welcome Coffee</em> <em>by</em> <a href="https://deltacafes.com/" data-type="link" data-id="https://deltacafes.com/">Delta Cafés</a></p>



<p><strong>12h00  </strong>Boas-vindas &#8211; Sala dos Actos:</p>



<ul class="wp-block-list">
<li>Hermínia Vasconcelos Vilar, Magnífica Reitora da Universidade de Évora</li>



<li>&#8220;Microfone Aberto&#8221; &#8211; Testemunhos de Alumni</li>



<li>Fotografia de Grupo</li>
</ul>



<p><strong>13h00  </strong>Almoço &#8211; Sala 129</p>



<p><strong>14h30  </strong>Momento Musical com Tunas e Grupos Académicos &#8211; Auditório Nobre da UÉvora:<br>&#8211; CORUÉ: Coro da Universidade de Évora<br>&#8211; TESESJD: Tuna da Escola Superior de Enfermagem São João de Deus<br>&#8211; TAFUÉ: Tuna Académica Feminina <br>da UÉvora<br>&#8211; TAUÉ: Tuna Académica da UÉvora<br>&#8211; GAS: Grupo Académico Seistetos</p>



<p><strong>16h00</strong> <em>Cocktail</em> ao som do DJ Pantaleão &#8211; Jardim do Granito</p>



<p><strong>18h30</strong> Encerramento</p>



<ul class="wp-block-list">
<li>João Nabais, Vice-Reitor da Universidade de Évora</li>
</ul>
</div></div>



<p><br><strong>Dress Code</strong> | Casual &#8211; Poderá fazer-se acompanhar pela sua Capa de Estudante.</p>



<p><strong>Preçário:</strong><br>Sem almoço (com <em>Welcome Coffee</em> e <em>Cocktail</em>)- 10€ por pessoa (adulto) <br>Com almoço – 25€ por pessoa (adulto) / 12,50€ por pessoa (dos 3 aos 12 anos) / Gratuito (até aos 2 anos)</p>



<p></p>



<p></p>

<p>Dress Code | Casual &#8211; Poderá fazer-se acompanhar pela sua Capa de Estudante. Preçário:Sem almoço (com Welcome Coffee e Cocktail)- 10€ por pessoa (adulto) Com almoço – 25€ por pessoa (adulto) / 12,50€ por pessoa (dos 3 aos 12 anos) / Gratuito (até aos 2 anos)</p>
