{"id":275,"date":"2018-01-09T10:56:41","date_gmt":"2018-01-09T10:56:41","guid":{"rendered":"http:\/\/www.encontroalumni.uevora.pt\/?page_id=275"},"modified":"2019-04-08T13:46:16","modified_gmt":"2019-04-08T13:46:16","slug":"alojamento","status":"publish","type":"page","link":"https:\/\/www.encontroalumni.uevora.pt\/2019\/alojamento\/","title":{"rendered":"Alojamento"},"content":{"rendered":"<table>\n<tbody>\n<tr>\n<td>\u00a0<img loading=\"lazy\" decoding=\"async\" class=\"alignnone size-medium wp-image-233\" src=\"http:\/\/www.encontroalumni.uevora.pt\/wp-content\/uploads\/sites\/6\/2018\/01\/alojamento1_Evora_Hotel-300x125.png\" alt=\"\" width=\"300\" height=\"125\" srcset=\"https:\/\/www.encontroalumni.uevora.pt\/2019\/wp-content\/uploads\/sites\/6\/2018\/01\/alojamento1_Evora_Hotel-300x125.png 300w, https:\/\/www.encontroalumni.uevora.pt\/2019\/wp-content\/uploads\/sites\/6\/2018\/01\/alojamento1_Evora_Hotel.png 325w\" sizes=\"auto, (max-width: 300px) 100vw, 300px\" \/><\/td>\n<td><strong>\u00c9vora Hotel<\/strong><br \/>\nQuarto duplo\/twin- 73,80 \u00a0\u20ac<br \/>\nQuarto single- 64,80\u20acPequeno almo\u00e7o inclu\u00eddoOs participantes dever\u00e3o enviar e-mail para reservas@evorahotel.pt, colocando no campo assunto &#8220;Encontro Alumni 2019&#8221;<\/td>\n<\/tr>\n<tr>\n<td>\u00a0<img loading=\"lazy\" decoding=\"async\" class=\"alignnone wp-image-825\" src=\"http:\/\/www.encontroalumni.uevora.pt\/wp-content\/uploads\/sites\/6\/2019\/03\/Hotel-Riviera.png\" alt=\"\" width=\"134\" height=\"134\" srcset=\"https:\/\/www.encontroalumni.uevora.pt\/2019\/wp-content\/uploads\/sites\/6\/2019\/03\/Hotel-Riviera.png 224w, https:\/\/www.encontroalumni.uevora.pt\/2019\/wp-content\/uploads\/sites\/6\/2019\/03\/Hotel-Riviera-150x150.png 150w\" sizes=\"auto, (max-width: 134px) 100vw, 134px\" \/><\/td>\n<td><strong>Hotel Riviera<\/strong><\/p>\n<p>Quarto Single: 64.80\u20ac<\/p>\n<p>Quarto Duplo : 73.80\u20ac<\/p>\n<p>Pequeno almo\u00e7o inclu\u00eddo<\/p>\n<p>Os participantes dever\u00e3o enviar e-mail para reservas@riviera-evora.pt, colocando no campo assunto &#8220;Encontro Alumni 2019&#8221;<\/td>\n<\/tr>\n<tr>\n<td><img loading=\"lazy\" decoding=\"async\" class=\"alignnone size-full wp-image-768\" src=\"http:\/\/www.encontroalumni.uevora.pt\/wp-content\/uploads\/sites\/6\/2019\/03\/Solar-de-Monfalim-Hotel.png\" alt=\"\" width=\"177\" height=\"74\" \/><\/td>\n<td><strong>Solar de Monfalim Hotel<\/strong><\/p>\n<p>Quarto single: 47\u20ac<\/p>\n<p>Quarto duplo (cama de casal): 78\u20ac<\/p>\n<p>Quarto twin (2 camas individuais): 74\u20ac<\/p>\n<p>Pequeno Almo\u00e7o inclu\u00eddo<\/td>\n<\/tr>\n<tr>\n<td><img loading=\"lazy\" decoding=\"async\" class=\"alignnone size-medium wp-image-771\" src=\"http:\/\/www.encontroalumni.uevora.pt\/wp-content\/uploads\/sites\/6\/2019\/03\/Hospedaria-Del-Rei-300x300.png\" alt=\"\" width=\"300\" height=\"300\" srcset=\"https:\/\/www.encontroalumni.uevora.pt\/2019\/wp-content\/uploads\/sites\/6\/2019\/03\/Hospedaria-Del-Rei-300x300.png 300w, https:\/\/www.encontroalumni.uevora.pt\/2019\/wp-content\/uploads\/sites\/6\/2019\/03\/Hospedaria-Del-Rei-150x150.png 150w, https:\/\/www.encontroalumni.uevora.pt\/2019\/wp-content\/uploads\/sites\/6\/2019\/03\/Hospedaria-Del-Rei-768x768.png 768w, https:\/\/www.encontroalumni.uevora.pt\/2019\/wp-content\/uploads\/sites\/6\/2019\/03\/Hospedaria-Del-Rei-644x644.png 644w, https:\/\/www.encontroalumni.uevora.pt\/2019\/wp-content\/uploads\/sites\/6\/2019\/03\/Hospedaria-Del-Rei.png 960w\" sizes=\"auto, (max-width: 300px) 100vw, 300px\" \/><\/td>\n<td><strong>Hospedaria D&#8217;el Rei<\/strong><\/p>\n<p>Quartos Singles: 38.00\u20ac<\/p>\n<p>Quarto Duplos \/ cama casal ou (2 camas individuais): 44,50 \u20ac<\/p>\n<p>Pequeno Almo\u00e7o Inclu\u00eddo<\/td>\n<\/tr>\n<\/tbody>\n<\/table>\n<table>\n<tbody>\n<tr>\n<td>\u00a0<img loading=\"lazy\" decoding=\"async\" class=\"alignnone wp-image-765\" src=\"http:\/\/www.encontroalumni.uevora.pt\/wp-content\/uploads\/sites\/6\/2019\/03\/STAY-HOTEL-\u00c9VORA-CENTRO-300x127.jpg\" alt=\"\" width=\"191\" height=\"81\" srcset=\"https:\/\/www.encontroalumni.uevora.pt\/2019\/wp-content\/uploads\/sites\/6\/2019\/03\/STAY-HOTEL-\u00c9VORA-CENTRO-300x127.jpg 300w, https:\/\/www.encontroalumni.uevora.pt\/2019\/wp-content\/uploads\/sites\/6\/2019\/03\/STAY-HOTEL-\u00c9VORA-CENTRO.jpg 350w\" sizes=\"auto, (max-width: 191px) 100vw, 191px\" \/><\/td>\n<td><strong>Stay Hotel \u00c9vora Centro<\/strong><\/p>\n<p>Single\/Duplo\/Twin: 55.00 \u20ac<\/p>\n<p><strong>Servi\u00e7os Adicionais:\u00a0<\/strong>Pequeno Almo\u00e7o (tipo buffet): 8,00\u20ac p\/pessoa<\/p>\n<p>Telefone: +351 266 704 141<\/p>\n<p>Email:\u00a0<u>evora@stayhotels.pt<\/u><\/td>\n<\/tr>\n<tr>\n<td><img loading=\"lazy\" decoding=\"async\" class=\"alignnone size-full wp-image-774\" src=\"http:\/\/www.encontroalumni.uevora.pt\/wp-content\/uploads\/sites\/6\/2019\/03\/Heaven-Inn-\u00c9vora-Hostel-1.png\" alt=\"\" width=\"200\" height=\"141\" \/><\/td>\n<td><strong>Heaven Inn \u00c9vora Hostel<\/strong><\/p>\n<p>Composto por\u00a0<strong>1 quarto duplo\/twin e 5 dormit\u00f3rios<\/strong><\/p>\n<table style=\"font-family: inherit\">\n<tbody>\n<tr>\n<td width=\"71\"><strong>QUARTOS<\/strong><\/td>\n<td width=\"113\"><strong>TIPOLOGIA<\/strong><\/td>\n<td width=\"149\"><strong>NUMERO DE CAMAS<\/strong><\/td>\n<\/tr>\n<tr>\n<td width=\"71\">QUARTO 1<\/td>\n<td width=\"113\">Dormit\u00f3rio Feminino<\/td>\n<td width=\"149\">6 camas (2 tribeliches)<\/td>\n<\/tr>\n<tr>\n<td width=\"71\">QUARTO 2<\/td>\n<td width=\"113\">Dormit\u00f3rio Masculino<\/td>\n<td width=\"149\">9 camas (3 tribeliches)<\/td>\n<\/tr>\n<tr>\n<td width=\"71\">QUARTO 3<\/td>\n<td width=\"113\">Dormit\u00f3rio Feminino<\/td>\n<td width=\"149\">12 camas (4 tribeliches)<\/td>\n<\/tr>\n<tr>\n<td width=\"71\">QUARTO 4<\/td>\n<td width=\"113\">Dormit\u00f3rio Misto<\/td>\n<td width=\"149\">12 camas (4 tribeliches)<\/td>\n<\/tr>\n<tr>\n<td width=\"71\">QUARTO 5<\/td>\n<td width=\"113\">Dormit\u00f3rio \u00a0Masculino<\/td>\n<td width=\"149\">12 camas (4 tribeliches)<\/td>\n<\/tr>\n<tr>\n<td width=\"71\">QUARTO 6<\/td>\n<td width=\"113\">Quarto Duplo c\/ terra\u00e7o privativo<\/td>\n<td width=\"149\">1 ou 2 camas (casal\/individuais)<\/p>\n<p>c\/ possibilidade de + 1 cama extra<\/td>\n<\/tr>\n<\/tbody>\n<\/table>\n<p>&nbsp;<\/p>\n<p><strong>Pequeno almo\u00e7o: acresce 4.00\u20ac p\/pessoa<\/strong><\/td>\n<\/tr>\n<tr>\n<td><img loading=\"lazy\" decoding=\"async\" class=\"alignnone size-thumbnail wp-image-927\" src=\"http:\/\/www.encontroalumni.uevora.pt\/wp-content\/uploads\/sites\/6\/2019\/04\/moov-150x150.jpg\" alt=\"\" width=\"150\" height=\"150\" \/><\/td>\n<td><strong>MOOV Hotel \u00c9vora<\/strong><\/p>\n<p>Quartos Duplos (com cama de casal) &#8211; 51\u20ac<\/p>\n<p>Twin (com duas camas individuais juntas) &#8211; 51\u20ac<\/p>\n<p>Single &#8211; 51\u20ac<\/p>\n<p>Pequeno alm\u00e7o &#8211; 8,50\u20ac por pessoa<\/td>\n<\/tr>\n<tr>\n<td><img loading=\"lazy\" decoding=\"async\" class=\"alignnone size-thumbnail wp-image-941\" src=\"http:\/\/www.encontroalumni.uevora.pt\/wp-content\/uploads\/sites\/6\/2019\/04\/mar_de_ar_aqueduto_large500-150x150.jpg\" alt=\"\" width=\"150\" height=\"150\" \/><\/td>\n<td>10% de desconto sobre a melhor tarifa do site do hotel<\/p>\n<p>https:\/\/www.mardearhotels.com<\/td>\n<\/tr>\n<\/tbody>\n<\/table>\n<table>\n<tbody>\n<tr>\n<td><\/td>\n<td><\/td>\n<\/tr>\n<tr>\n<td><img loading=\"lazy\" decoding=\"async\" class=\"alignnone size-thumbnail wp-image-974\" src=\"http:\/\/www.encontroalumni.uevora.pt\/wp-content\/uploads\/sites\/6\/2019\/04\/45855323_2087619064633142_3356903261247373312_n-150x150.jpg\" alt=\"\" width=\"150\" height=\"150\" \/><\/td>\n<td><strong>Stay in \u00c9vora &#8211; <\/strong>Grupo de alojamento local<\/p>\n<table dir=\"ltr\" style=\"height: 285px\" border=\"1\" width=\"453\" cellspacing=\"0\" cellpadding=\"0\">\n<colgroup>\n<col width=\"100\" \/>\n<col width=\"189\" \/>\n<col width=\"100\" \/><\/colgroup>\n<tbody>\n<tr>\n<td style=\"text-align: center\"><strong>Tipologia<\/strong><\/td>\n<td style=\"text-align: center\"><strong>N\u00famero de alojamentos<\/strong><\/td>\n<td style=\"text-align: center\"><strong>Valor<\/strong><\/td>\n<\/tr>\n<tr>\n<td style=\"text-align: center\">T1<\/td>\n<td style=\"text-align: center\">5<\/td>\n<td style=\"text-align: center\">\n<div>\n<div>40\u20ac a 50\u20ac<\/div>\n<\/div>\n<\/td>\n<\/tr>\n<tr>\n<td style=\"text-align: center\">T2<\/td>\n<td style=\"text-align: center\">2<\/td>\n<td>\n<div>\n<div style=\"text-align: center\">65\u20ac a 75\u20ac<\/div>\n<\/div>\n<\/td>\n<\/tr>\n<tr>\n<td style=\"text-align: center\">T3<\/td>\n<td style=\"text-align: center\">1<\/td>\n<td>\n<div>\n<div style=\"text-align: center\">80\u20ac<\/div>\n<\/div>\n<\/td>\n<\/tr>\n<tr>\n<td><\/td>\n<td><\/td>\n<td><\/td>\n<\/tr>\n<tr>\n<td><\/td>\n<td><\/td>\n<td><\/td>\n<\/tr>\n<tr>\n<td><\/td>\n<td><\/td>\n<td><\/td>\n<\/tr>\n<tr>\n<td><\/td>\n<td><\/td>\n<td><\/td>\n<\/tr>\n<tr>\n<td><\/td>\n<td><\/td>\n<td><\/td>\n<\/tr>\n<\/tbody>\n<\/table>\n<p><strong>Guesthouse Alentejo<\/strong> \u2014 6 Suites: 40\u20ac a 50\u20ac ;\u00a0Pequeno almo\u00e7o inclu\u00eddo<\/p>\n<p>Mais info: r.gatafunhos@gmail.com; 96 36 39 244<\/p>\n<p>&nbsp;<\/td>\n<\/tr>\n<tr>\n<td><\/td>\n<td><\/td>\n<\/tr>\n<tr>\n<td><\/td>\n<td><\/td>\n<\/tr>\n<\/tbody>\n<\/table>\n<p><strong>ATEN\u00c7\u00c3O<\/strong><\/p>\n<ul>\n<li><strong>Os valores apresentados s\u00e3o por quarto e noite<\/strong><\/li>\n<li><strong>O contacto para reservas dever\u00e1 realizar-se diretamente com os hot\u00e9is, mediante disponibilidade, e poder\u00e1 ser solicitado comprovativo de inscri\u00e7\u00e3o no evento<\/strong><\/li>\n<li><strong>O pagamento ser\u00e1 efetuado diretamente pelo inscrito mediante o acordado<\/strong><\/li>\n<\/ul>\n","protected":false},"excerpt":{"rendered":"<p>\u00a0 \u00c9vora Hotel Quarto duplo\/twin- 73,80 \u00a0\u20ac Quarto single- 64,80\u20acPequeno almo\u00e7o inclu\u00eddoOs participantes dever\u00e3o enviar e-mail para reservas@evorahotel.pt, colocando no campo assunto &#8220;Encontro Alumni 2019&#8221; \u00a0 Hotel Riviera Quarto Single: 64.80\u20ac Quarto Duplo : 73.80\u20ac Pequeno almo\u00e7o inclu\u00eddo Os participantes dever\u00e3o enviar e-mail para reservas@riviera-evora.pt, colocando no campo assunto &#8220;Encontro Alumni 2019&#8221; Solar de Monfalim&#8230;<\/p>\n","protected":false},"author":5,"featured_media":0,"parent":0,"menu_order":0,"comment_status":"closed","ping_status":"closed","template":"","meta":{"footnotes":""},"class_list":["post-275","page","type-page","status-publish","hentry"],"_links":{"self":[{"href":"https:\/\/www.encontroalumni.uevora.pt\/2019\/wp-json\/wp\/v2\/pages\/275","targetHints":{"allow":["GET"]}}],"collection":[{"href":"https:\/\/www.encontroalumni.uevora.pt\/2019\/wp-json\/wp\/v2\/pages"}],"about":[{"href":"https:\/\/www.encontroalumni.uevora.pt\/2019\/wp-json\/wp\/v2\/types\/page"}],"author":[{"embeddable":true,"href":"https:\/\/www.encontroalumni.uevora.pt\/2019\/wp-json\/wp\/v2\/users\/5"}],"replies":[{"embeddable":true,"href":"https:\/\/www.encontroalumni.uevora.pt\/2019\/wp-json\/wp\/v2\/comments?post=275"}],"version-history":[{"count":15,"href":"https:\/\/www.encontroalumni.uevora.pt\/2019\/wp-json\/wp\/v2\/pages\/275\/revisions"}],"predecessor-version":[{"id":986,"href":"https:\/\/www.encontroalumni.uevora.pt\/2019\/wp-json\/wp\/v2\/pages\/275\/revisions\/986"}],"wp:attachment":[{"href":"https:\/\/www.encontroalumni.uevora.pt\/2019\/wp-json\/wp\/v2\/media?parent=275"}],"curies":[{"name":"wp","href":"https:\/\/api.w.org\/{rel}","templated":true}]}}

<table>
<tbody>
<tr>
<td> <img loading="lazy" decoding="async" class="alignnone size-medium wp-image-233" src="http://www.encontroalumni.uevora.pt/wp-content/uploads/sites/6/2018/01/alojamento1_Evora_Hotel-300x125.png" alt="" width="300" height="125" srcset="https://www.encontroalumni.uevora.pt/2019/wp-content/uploads/sites/6/2018/01/alojamento1_Evora_Hotel-300x125.png 300w, https://www.encontroalumni.uevora.pt/2019/wp-content/uploads/sites/6/2018/01/alojamento1_Evora_Hotel.png 325w" sizes="auto, (max-width: 300px) 100vw, 300px" /></td>
<td><strong>Évora Hotel</strong><br />
Quarto duplo/twin- 73,80  €<br />
Quarto single- 64,80€Pequeno almoço incluídoOs participantes deverão enviar e-mail para reservas@evorahotel.pt, colocando no campo assunto &#8220;Encontro Alumni 2019&#8221;</td>
</tr>
<tr>
<td> <img loading="lazy" decoding="async" class="alignnone wp-image-825" src="http://www.encontroalumni.uevora.pt/wp-content/uploads/sites/6/2019/03/Hotel-Riviera.png" alt="" width="134" height="134" srcset="https://www.encontroalumni.uevora.pt/2019/wp-content/uploads/sites/6/2019/03/Hotel-Riviera.png 224w, https://www.encontroalumni.uevora.pt/2019/wp-content/uploads/sites/6/2019/03/Hotel-Riviera-150x150.png 150w" sizes="auto, (max-width: 134px) 100vw, 134px" /></td>
<td><strong>Hotel Riviera</strong></p>
<p>Quarto Single: 64.80€</p>
<p>Quarto Duplo : 73.80€</p>
<p>Pequeno almoço incluído</p>
<p>Os participantes deverão enviar e-mail para reservas@riviera-evora.pt, colocando no campo assunto &#8220;Encontro Alumni 2019&#8221;</td>
</tr>
<tr>
<td><img loading="lazy" decoding="async" class="alignnone size-full wp-image-768" src="http://www.encontroalumni.uevora.pt/wp-content/uploads/sites/6/2019/03/Solar-de-Monfalim-Hotel.png" alt="" width="177" height="74" /></td>
<td><strong>Solar de Monfalim Hotel</strong></p>
<p>Quarto single: 47€</p>
<p>Quarto duplo (cama de casal): 78€</p>
<p>Quarto twin (2 camas individuais): 74€</p>
<p>Pequeno Almoço incluído</td>
</tr>
<tr>
<td><img loading="lazy" decoding="async" class="alignnone size-medium wp-image-771" src="http://www.encontroalumni.uevora.pt/wp-content/uploads/sites/6/2019/03/Hospedaria-Del-Rei-300x300.png" alt="" width="300" height="300" srcset="https://www.encontroalumni.uevora.pt/2019/wp-content/uploads/sites/6/2019/03/Hospedaria-Del-Rei-300x300.png 300w, https://www.encontroalumni.uevora.pt/2019/wp-content/uploads/sites/6/2019/03/Hospedaria-Del-Rei-150x150.png 150w, https://www.encontroalumni.uevora.pt/2019/wp-content/uploads/sites/6/2019/03/Hospedaria-Del-Rei-768x768.png 768w, https://www.encontroalumni.uevora.pt/2019/wp-content/uploads/sites/6/2019/03/Hospedaria-Del-Rei-644x644.png 644w, https://www.encontroalumni.uevora.pt/2019/wp-content/uploads/sites/6/2019/03/Hospedaria-Del-Rei.png 960w" sizes="auto, (max-width: 300px) 100vw, 300px" /></td>
<td><strong>Hospedaria D&#8217;el Rei</strong></p>
<p>Quartos Singles: 38.00€</p>
<p>Quarto Duplos / cama casal ou (2 camas individuais): 44,50 €</p>
<p>Pequeno Almoço Incluído</td>
</tr>
</tbody>
</table>
<table>
<tbody>
<tr>
<td> <img loading="lazy" decoding="async" class="alignnone wp-image-765" src="http://www.encontroalumni.uevora.pt/wp-content/uploads/sites/6/2019/03/STAY-HOTEL-ÉVORA-CENTRO-300x127.jpg" alt="" width="191" height="81" srcset="https://www.encontroalumni.uevora.pt/2019/wp-content/uploads/sites/6/2019/03/STAY-HOTEL-ÉVORA-CENTRO-300x127.jpg 300w, https://www.encontroalumni.uevora.pt/2019/wp-content/uploads/sites/6/2019/03/STAY-HOTEL-ÉVORA-CENTRO.jpg 350w" sizes="auto, (max-width: 191px) 100vw, 191px" /></td>
<td><strong>Stay Hotel Évora Centro</strong></p>
<p>Single/Duplo/Twin: 55.00 €</p>
<p><strong>Serviços Adicionais: </strong>Pequeno Almoço (tipo buffet): 8,00€ p/pessoa</p>
<p>Telefone: +351 266 704 141</p>
<p>Email: <u>evora@stayhotels.pt</u></td>
</tr>
<tr>
<td><img loading="lazy" decoding="async" class="alignnone size-full wp-image-774" src="http://www.encontroalumni.uevora.pt/wp-content/uploads/sites/6/2019/03/Heaven-Inn-Évora-Hostel-1.png" alt="" width="200" height="141" /></td>
<td><strong>Heaven Inn Évora Hostel</strong></p>
<p>Composto por <strong>1 quarto duplo/twin e 5 dormitórios</strong></p>
<table style="font-family: inherit">
<tbody>
<tr>
<td width="71"><strong>QUARTOS</strong></td>
<td width="113"><strong>TIPOLOGIA</strong></td>
<td width="149"><strong>NUMERO DE CAMAS</strong></td>
</tr>
<tr>
<td width="71">QUARTO 1</td>
<td width="113">Dormitório Feminino</td>
<td width="149">6 camas (2 tribeliches)</td>
</tr>
<tr>
<td width="71">QUARTO 2</td>
<td width="113">Dormitório Masculino</td>
<td width="149">9 camas (3 tribeliches)</td>
</tr>
<tr>
<td width="71">QUARTO 3</td>
<td width="113">Dormitório Feminino</td>
<td width="149">12 camas (4 tribeliches)</td>
</tr>
<tr>
<td width="71">QUARTO 4</td>
<td width="113">Dormitório Misto</td>
<td width="149">12 camas (4 tribeliches)</td>
</tr>
<tr>
<td width="71">QUARTO 5</td>
<td width="113">Dormitório  Masculino</td>
<td width="149">12 camas (4 tribeliches)</td>
</tr>
<tr>
<td width="71">QUARTO 6</td>
<td width="113">Quarto Duplo c/ terraço privativo</td>
<td width="149">1 ou 2 camas (casal/individuais)</p>
<p>c/ possibilidade de + 1 cama extra</td>
</tr>
</tbody>
</table>
<p>&nbsp;</p>
<p><strong>Pequeno almoço: acresce 4.00€ p/pessoa</strong></td>
</tr>
<tr>
<td><img loading="lazy" decoding="async" class="alignnone size-thumbnail wp-image-927" src="http://www.encontroalumni.uevora.pt/wp-content/uploads/sites/6/2019/04/moov-150x150.jpg" alt="" width="150" height="150" /></td>
<td><strong>MOOV Hotel Évora</strong></p>
<p>Quartos Duplos (com cama de casal) &#8211; 51€</p>
<p>Twin (com duas camas individuais juntas) &#8211; 51€</p>
<p>Single &#8211; 51€</p>
<p>Pequeno almço &#8211; 8,50€ por pessoa</td>
</tr>
<tr>
<td><img loading="lazy" decoding="async" class="alignnone size-thumbnail wp-image-941" src="http://www.encontroalumni.uevora.pt/wp-content/uploads/sites/6/2019/04/mar_de_ar_aqueduto_large500-150x150.jpg" alt="" width="150" height="150" /></td>
<td>10% de desconto sobre a melhor tarifa do site do hotel</p>
<p>https://www.mardearhotels.com</td>
</tr>
</tbody>
</table>
<table>
<tbody>
<tr>
<td></td>
<td></td>
</tr>
<tr>
<td><img loading="lazy" decoding="async" class="alignnone size-thumbnail wp-image-974" src="http://www.encontroalumni.uevora.pt/wp-content/uploads/sites/6/2019/04/45855323_2087619064633142_3356903261247373312_n-150x150.jpg" alt="" width="150" height="150" /></td>
<td><strong>Stay in Évora &#8211; </strong>Grupo de alojamento local</p>
<table dir="ltr" style="height: 285px" border="1" width="453" cellspacing="0" cellpadding="0">
<colgroup>
<col width="100" />
<col width="189" />
<col width="100" /></colgroup>
<tbody>
<tr>
<td style="text-align: center"><strong>Tipologia</strong></td>
<td style="text-align: center"><strong>Número de alojamentos</strong></td>
<td style="text-align: center"><strong>Valor</strong></td>
</tr>
<tr>
<td style="text-align: center">T1</td>
<td style="text-align: center">5</td>
<td style="text-align: center">
<div>
<div>40€ a 50€</div>
</div>
</td>
</tr>
<tr>
<td style="text-align: center">T2</td>
<td style="text-align: center">2</td>
<td>
<div>
<div style="text-align: center">65€ a 75€</div>
</div>
</td>
</tr>
<tr>
<td style="text-align: center">T3</td>
<td style="text-align: center">1</td>
<td>
<div>
<div style="text-align: center">80€</div>
</div>
</td>
</tr>
<tr>
<td></td>
<td></td>
<td></td>
</tr>
<tr>
<td></td>
<td></td>
<td></td>
</tr>
<tr>
<td></td>
<td></td>
<td></td>
</tr>
<tr>
<td></td>
<td></td>
<td></td>
</tr>
<tr>
<td></td>
<td></td>
<td></td>
</tr>
</tbody>
</table>
<p><strong>Guesthouse Alentejo</strong> — 6 Suites: 40€ a 50€ ; Pequeno almoço incluído</p>
<p>Mais info: r.gatafunhos@gmail.com; 96 36 39 244</p>
<p>&nbsp;</td>
</tr>
<tr>
<td></td>
<td></td>
</tr>
<tr>
<td></td>
<td></td>
</tr>
</tbody>
</table>
<p><strong>ATENÇÃO</strong></p>
<ul>
<li><strong>Os valores apresentados são por quarto e noite</strong></li>
<li><strong>O contacto para reservas deverá realizar-se diretamente com os hotéis, mediante disponibilidade, e poderá ser solicitado comprovativo de inscrição no evento</strong></li>
<li><strong>O pagamento será efetuado diretamente pelo inscrito mediante o acordado</strong></li>
</ul>

<p>  Évora Hotel Quarto duplo/twin- 73,80  € Quarto single- 64,80€Pequeno almoço incluídoOs participantes deverão enviar e-mail para reservas@evorahotel.pt, colocando no campo assunto &#8220;Encontro Alumni 2019&#8221;   Hotel Riviera Quarto Single: 64.80€ Quarto Duplo : 73.80€ Pequeno almoço incluído Os participantes deverão enviar e-mail para reservas@riviera-evora.pt, colocando no campo assunto &#8220;Encontro Alumni 2019&#8221; Solar de Monfalim&#8230;</p>
