{"id":125,"date":"2017-12-15T16:41:36","date_gmt":"2017-12-15T16:41:36","guid":{"rendered":"http:\/\/www.encontroalumni.uevora.pt\/?page_id=125"},"modified":"2019-05-02T14:10:20","modified_gmt":"2019-05-02T14:10:20","slug":"parceiros","status":"publish","type":"page","link":"https:\/\/www.encontroalumni.uevora.pt\/2019\/parceiros\/","title":{"rendered":"Rede"},"content":{"rendered":"<p><strong>Parceiros<\/strong><\/p>\n<p>&nbsp;<\/p>\n<table>\n<tbody>\n<tr>\n<td>\u00a0<img loading=\"lazy\" decoding=\"async\" class=\"alignnone wp-image-834\" src=\"http:\/\/www.encontroalumni.uevora.pt\/wp-content\/uploads\/sites\/6\/2019\/03\/Log\u00f3tipo-da-Universidade-de-\u00c9vora-horizontal-300x94.png\" alt=\"\" width=\"474\" height=\"150\" srcset=\"https:\/\/www.encontroalumni.uevora.pt\/2019\/wp-content\/uploads\/sites\/6\/2019\/03\/Log\u00f3tipo-da-Universidade-de-\u00c9vora-horizontal-300x94.png 300w, https:\/\/www.encontroalumni.uevora.pt\/2019\/wp-content\/uploads\/sites\/6\/2019\/03\/Log\u00f3tipo-da-Universidade-de-\u00c9vora-horizontal-768x242.png 768w, https:\/\/www.encontroalumni.uevora.pt\/2019\/wp-content\/uploads\/sites\/6\/2019\/03\/Log\u00f3tipo-da-Universidade-de-\u00c9vora-horizontal-644x203.png 644w, https:\/\/www.encontroalumni.uevora.pt\/2019\/wp-content\/uploads\/sites\/6\/2019\/03\/Log\u00f3tipo-da-Universidade-de-\u00c9vora-horizontal-1220x389.png 1220w, https:\/\/www.encontroalumni.uevora.pt\/2019\/wp-content\/uploads\/sites\/6\/2019\/03\/Log\u00f3tipo-da-Universidade-de-\u00c9vora-horizontal.png 1237w\" sizes=\"auto, (max-width: 474px) 100vw, 474px\" \/><\/td>\n<td><img loading=\"lazy\" decoding=\"async\" class=\"alignnone wp-image-251\" src=\"http:\/\/www.encontroalumni.uevora.pt\/wp-content\/uploads\/sites\/6\/2018\/01\/parceiro2_Camara_Municipal_de_Evora-300x279.jpg\" alt=\"\" width=\"354\" height=\"328\" srcset=\"https:\/\/www.encontroalumni.uevora.pt\/2019\/wp-content\/uploads\/sites\/6\/2018\/01\/parceiro2_Camara_Municipal_de_Evora-300x279.jpg 300w, https:\/\/www.encontroalumni.uevora.pt\/2019\/wp-content\/uploads\/sites\/6\/2018\/01\/parceiro2_Camara_Municipal_de_Evora-768x713.jpg 768w, https:\/\/www.encontroalumni.uevora.pt\/2019\/wp-content\/uploads\/sites\/6\/2018\/01\/parceiro2_Camara_Municipal_de_Evora-644x598.jpg 644w, https:\/\/www.encontroalumni.uevora.pt\/2019\/wp-content\/uploads\/sites\/6\/2018\/01\/parceiro2_Camara_Municipal_de_Evora.jpg 843w\" sizes=\"auto, (max-width: 354px) 100vw, 354px\" \/><\/td>\n<td><img loading=\"lazy\" decoding=\"async\" class=\"alignnone wp-image-837\" src=\"http:\/\/www.encontroalumni.uevora.pt\/wp-content\/uploads\/sites\/6\/2019\/03\/original-300x173.png\" alt=\"\" width=\"414\" height=\"239\" srcset=\"https:\/\/www.encontroalumni.uevora.pt\/2019\/wp-content\/uploads\/sites\/6\/2019\/03\/original-300x173.png 300w, https:\/\/www.encontroalumni.uevora.pt\/2019\/wp-content\/uploads\/sites\/6\/2019\/03\/original-768x442.png 768w, https:\/\/www.encontroalumni.uevora.pt\/2019\/wp-content\/uploads\/sites\/6\/2019\/03\/original-644x371.png 644w, https:\/\/www.encontroalumni.uevora.pt\/2019\/wp-content\/uploads\/sites\/6\/2019\/03\/original.png 1575w\" sizes=\"auto, (max-width: 414px) 100vw, 414px\" \/><\/td>\n<td><img loading=\"lazy\" decoding=\"async\" class=\"alignnone wp-image-474\" src=\"http:\/\/www.encontroalumni.uevora.pt\/wp-content\/uploads\/sites\/6\/2018\/01\/logo_aaue.jpg\" alt=\"\" width=\"210\" height=\"219\" \/><\/td>\n<td><img loading=\"lazy\" decoding=\"async\" class=\"alignnone wp-image-1034\" src=\"http:\/\/www.encontroalumni.uevora.pt\/wp-content\/uploads\/sites\/6\/2019\/05\/PARCEIROS-3-Funda\u00e7\u00e3o-Eug\u00e9nio-de-Almeida.jpg\" alt=\"\" width=\"200\" height=\"200\" \/><\/td>\n<\/tr>\n<\/tbody>\n<\/table>\n<p><strong>Alojamentos <\/strong>(<a href=\"http:\/\/www.encontroalumni.uevora.pt\/alojamento\/\">saber mais<\/a>)<strong><br \/>\n<\/strong><\/p>\n<table>\n<tbody>\n<tr>\n<td>\u00a0<img loading=\"lazy\" decoding=\"async\" class=\"alignnone wp-image-233\" src=\"http:\/\/www.encontroalumni.uevora.pt\/wp-content\/uploads\/sites\/6\/2018\/01\/alojamento1_Evora_Hotel-300x125.png\" alt=\"\" width=\"231\" height=\"96\" srcset=\"https:\/\/www.encontroalumni.uevora.pt\/2019\/wp-content\/uploads\/sites\/6\/2018\/01\/alojamento1_Evora_Hotel-300x125.png 300w, https:\/\/www.encontroalumni.uevora.pt\/2019\/wp-content\/uploads\/sites\/6\/2018\/01\/alojamento1_Evora_Hotel.png 325w\" sizes=\"auto, (max-width: 231px) 100vw, 231px\" \/><\/td>\n<td><img loading=\"lazy\" decoding=\"async\" class=\"alignnone wp-image-825\" src=\"http:\/\/www.encontroalumni.uevora.pt\/wp-content\/uploads\/sites\/6\/2019\/03\/Hotel-Riviera.png\" alt=\"\" width=\"87\" height=\"87\" srcset=\"https:\/\/www.encontroalumni.uevora.pt\/2019\/wp-content\/uploads\/sites\/6\/2019\/03\/Hotel-Riviera.png 224w, https:\/\/www.encontroalumni.uevora.pt\/2019\/wp-content\/uploads\/sites\/6\/2019\/03\/Hotel-Riviera-150x150.png 150w\" sizes=\"auto, (max-width: 87px) 100vw, 87px\" \/><\/td>\n<td><img loading=\"lazy\" decoding=\"async\" class=\"alignnone wp-image-771\" src=\"http:\/\/www.encontroalumni.uevora.pt\/wp-content\/uploads\/sites\/6\/2019\/03\/Hospedaria-Del-Rei.png\" alt=\"\" width=\"81\" height=\"81\" srcset=\"https:\/\/www.encontroalumni.uevora.pt\/2019\/wp-content\/uploads\/sites\/6\/2019\/03\/Hospedaria-Del-Rei.png 960w, https:\/\/www.encontroalumni.uevora.pt\/2019\/wp-content\/uploads\/sites\/6\/2019\/03\/Hospedaria-Del-Rei-150x150.png 150w, https:\/\/www.encontroalumni.uevora.pt\/2019\/wp-content\/uploads\/sites\/6\/2019\/03\/Hospedaria-Del-Rei-300x300.png 300w, https:\/\/www.encontroalumni.uevora.pt\/2019\/wp-content\/uploads\/sites\/6\/2019\/03\/Hospedaria-Del-Rei-768x768.png 768w, https:\/\/www.encontroalumni.uevora.pt\/2019\/wp-content\/uploads\/sites\/6\/2019\/03\/Hospedaria-Del-Rei-644x644.png 644w\" sizes=\"auto, (max-width: 81px) 100vw, 81px\" \/><\/td>\n<td><img loading=\"lazy\" decoding=\"async\" class=\"alignnone wp-image-768\" src=\"http:\/\/www.encontroalumni.uevora.pt\/wp-content\/uploads\/sites\/6\/2019\/03\/Solar-de-Monfalim-Hotel.png\" alt=\"\" width=\"155\" height=\"65\" \/><\/td>\n<\/tr>\n<\/tbody>\n<\/table>\n<table>\n<tbody>\n<tr>\n<td><img loading=\"lazy\" decoding=\"async\" class=\"alignnone wp-image-765\" src=\"http:\/\/www.encontroalumni.uevora.pt\/wp-content\/uploads\/sites\/6\/2019\/03\/STAY-HOTEL-\u00c9VORA-CENTRO.jpg\" alt=\"\" width=\"153\" height=\"65\" srcset=\"https:\/\/www.encontroalumni.uevora.pt\/2019\/wp-content\/uploads\/sites\/6\/2019\/03\/STAY-HOTEL-\u00c9VORA-CENTRO.jpg 350w, https:\/\/www.encontroalumni.uevora.pt\/2019\/wp-content\/uploads\/sites\/6\/2019\/03\/STAY-HOTEL-\u00c9VORA-CENTRO-300x127.jpg 300w\" sizes=\"auto, (max-width: 153px) 100vw, 153px\" \/><\/td>\n<td><img loading=\"lazy\" decoding=\"async\" class=\"alignnone size-full wp-image-774\" src=\"http:\/\/www.encontroalumni.uevora.pt\/wp-content\/uploads\/sites\/6\/2019\/03\/Heaven-Inn-\u00c9vora-Hostel-1.png\" alt=\"\" width=\"200\" height=\"141\" \/><\/td>\n<td><img loading=\"lazy\" decoding=\"async\" class=\"alignnone size-thumbnail wp-image-927\" src=\"http:\/\/www.encontroalumni.uevora.pt\/wp-content\/uploads\/sites\/6\/2019\/04\/moov-150x150.jpg\" alt=\"\" width=\"150\" height=\"150\" \/><\/td>\n<td><img loading=\"lazy\" decoding=\"async\" class=\"alignnone size-thumbnail wp-image-941\" src=\"http:\/\/www.encontroalumni.uevora.pt\/wp-content\/uploads\/sites\/6\/2019\/04\/mar_de_ar_aqueduto_large500-150x150.jpg\" alt=\"\" width=\"150\" height=\"150\" \/><\/td>\n<\/tr>\n<\/tbody>\n<\/table>\n<p><strong>Media Partner<br \/>\n<\/strong><\/p>\n<p><img loading=\"lazy\" decoding=\"async\" class=\"alignnone wp-image-245\" src=\"http:\/\/www.encontroalumni.uevora.pt\/wp-content\/uploads\/sites\/6\/2018\/01\/media_partner_DiArio_do_Sul-300x300.jpg\" alt=\"\" width=\"100\" height=\"100\" srcset=\"https:\/\/www.encontroalumni.uevora.pt\/2019\/wp-content\/uploads\/sites\/6\/2018\/01\/media_partner_DiArio_do_Sul-300x300.jpg 300w, https:\/\/www.encontroalumni.uevora.pt\/2019\/wp-content\/uploads\/sites\/6\/2018\/01\/media_partner_DiArio_do_Sul-150x150.jpg 150w, https:\/\/www.encontroalumni.uevora.pt\/2019\/wp-content\/uploads\/sites\/6\/2018\/01\/media_partner_DiArio_do_Sul-768x768.jpg 768w, https:\/\/www.encontroalumni.uevora.pt\/2019\/wp-content\/uploads\/sites\/6\/2018\/01\/media_partner_DiArio_do_Sul-644x644.jpg 644w, https:\/\/www.encontroalumni.uevora.pt\/2019\/wp-content\/uploads\/sites\/6\/2018\/01\/media_partner_DiArio_do_Sul.jpg 1772w\" sizes=\"auto, (max-width: 100px) 100vw, 100px\" \/><\/p>\n<p>&nbsp;<\/p>\n","protected":false},"excerpt":{"rendered":"<p>Parceiros &nbsp; \u00a0 Alojamentos (saber mais) \u00a0 Media Partner &nbsp;<\/p>\n","protected":false},"author":5,"featured_media":0,"parent":0,"menu_order":0,"comment_status":"closed","ping_status":"closed","template":"","meta":{"footnotes":""},"class_list":["post-125","page","type-page","status-publish","hentry"],"_links":{"self":[{"href":"https:\/\/www.encontroalumni.uevora.pt\/2019\/wp-json\/wp\/v2\/pages\/125","targetHints":{"allow":["GET"]}}],"collection":[{"href":"https:\/\/www.encontroalumni.uevora.pt\/2019\/wp-json\/wp\/v2\/pages"}],"about":[{"href":"https:\/\/www.encontroalumni.uevora.pt\/2019\/wp-json\/wp\/v2\/types\/page"}],"author":[{"embeddable":true,"href":"https:\/\/www.encontroalumni.uevora.pt\/2019\/wp-json\/wp\/v2\/users\/5"}],"replies":[{"embeddable":true,"href":"https:\/\/www.encontroalumni.uevora.pt\/2019\/wp-json\/wp\/v2\/comments?post=125"}],"version-history":[{"count":22,"href":"https:\/\/www.encontroalumni.uevora.pt\/2019\/wp-json\/wp\/v2\/pages\/125\/revisions"}],"predecessor-version":[{"id":1037,"href":"https:\/\/www.encontroalumni.uevora.pt\/2019\/wp-json\/wp\/v2\/pages\/125\/revisions\/1037"}],"wp:attachment":[{"href":"https:\/\/www.encontroalumni.uevora.pt\/2019\/wp-json\/wp\/v2\/media?parent=125"}],"curies":[{"name":"wp","href":"https:\/\/api.w.org\/{rel}","templated":true}]}}

<p><strong>Parceiros</strong></p>
<p>&nbsp;</p>
<table>
<tbody>
<tr>
<td> <img loading="lazy" decoding="async" class="alignnone wp-image-834" src="http://www.encontroalumni.uevora.pt/wp-content/uploads/sites/6/2019/03/Logótipo-da-Universidade-de-Évora-horizontal-300x94.png" alt="" width="474" height="150" srcset="https://www.encontroalumni.uevora.pt/2019/wp-content/uploads/sites/6/2019/03/Logótipo-da-Universidade-de-Évora-horizontal-300x94.png 300w, https://www.encontroalumni.uevora.pt/2019/wp-content/uploads/sites/6/2019/03/Logótipo-da-Universidade-de-Évora-horizontal-768x242.png 768w, https://www.encontroalumni.uevora.pt/2019/wp-content/uploads/sites/6/2019/03/Logótipo-da-Universidade-de-Évora-horizontal-644x203.png 644w, https://www.encontroalumni.uevora.pt/2019/wp-content/uploads/sites/6/2019/03/Logótipo-da-Universidade-de-Évora-horizontal-1220x389.png 1220w, https://www.encontroalumni.uevora.pt/2019/wp-content/uploads/sites/6/2019/03/Logótipo-da-Universidade-de-Évora-horizontal.png 1237w" sizes="auto, (max-width: 474px) 100vw, 474px" /></td>
<td><img loading="lazy" decoding="async" class="alignnone wp-image-251" src="http://www.encontroalumni.uevora.pt/wp-content/uploads/sites/6/2018/01/parceiro2_Camara_Municipal_de_Evora-300x279.jpg" alt="" width="354" height="328" srcset="https://www.encontroalumni.uevora.pt/2019/wp-content/uploads/sites/6/2018/01/parceiro2_Camara_Municipal_de_Evora-300x279.jpg 300w, https://www.encontroalumni.uevora.pt/2019/wp-content/uploads/sites/6/2018/01/parceiro2_Camara_Municipal_de_Evora-768x713.jpg 768w, https://www.encontroalumni.uevora.pt/2019/wp-content/uploads/sites/6/2018/01/parceiro2_Camara_Municipal_de_Evora-644x598.jpg 644w, https://www.encontroalumni.uevora.pt/2019/wp-content/uploads/sites/6/2018/01/parceiro2_Camara_Municipal_de_Evora.jpg 843w" sizes="auto, (max-width: 354px) 100vw, 354px" /></td>
<td><img loading="lazy" decoding="async" class="alignnone wp-image-837" src="http://www.encontroalumni.uevora.pt/wp-content/uploads/sites/6/2019/03/original-300x173.png" alt="" width="414" height="239" srcset="https://www.encontroalumni.uevora.pt/2019/wp-content/uploads/sites/6/2019/03/original-300x173.png 300w, https://www.encontroalumni.uevora.pt/2019/wp-content/uploads/sites/6/2019/03/original-768x442.png 768w, https://www.encontroalumni.uevora.pt/2019/wp-content/uploads/sites/6/2019/03/original-644x371.png 644w, https://www.encontroalumni.uevora.pt/2019/wp-content/uploads/sites/6/2019/03/original.png 1575w" sizes="auto, (max-width: 414px) 100vw, 414px" /></td>
<td><img loading="lazy" decoding="async" class="alignnone wp-image-474" src="http://www.encontroalumni.uevora.pt/wp-content/uploads/sites/6/2018/01/logo_aaue.jpg" alt="" width="210" height="219" /></td>
<td><img loading="lazy" decoding="async" class="alignnone wp-image-1034" src="http://www.encontroalumni.uevora.pt/wp-content/uploads/sites/6/2019/05/PARCEIROS-3-Fundação-Eugénio-de-Almeida.jpg" alt="" width="200" height="200" /></td>
</tr>
</tbody>
</table>
<p><strong>Alojamentos </strong>(<a href="http://www.encontroalumni.uevora.pt/alojamento/">saber mais</a>)<strong><br />
</strong></p>
<table>
<tbody>
<tr>
<td> <img loading="lazy" decoding="async" class="alignnone wp-image-233" src="http://www.encontroalumni.uevora.pt/wp-content/uploads/sites/6/2018/01/alojamento1_Evora_Hotel-300x125.png" alt="" width="231" height="96" srcset="https://www.encontroalumni.uevora.pt/2019/wp-content/uploads/sites/6/2018/01/alojamento1_Evora_Hotel-300x125.png 300w, https://www.encontroalumni.uevora.pt/2019/wp-content/uploads/sites/6/2018/01/alojamento1_Evora_Hotel.png 325w" sizes="auto, (max-width: 231px) 100vw, 231px" /></td>
<td><img loading="lazy" decoding="async" class="alignnone wp-image-825" src="http://www.encontroalumni.uevora.pt/wp-content/uploads/sites/6/2019/03/Hotel-Riviera.png" alt="" width="87" height="87" srcset="https://www.encontroalumni.uevora.pt/2019/wp-content/uploads/sites/6/2019/03/Hotel-Riviera.png 224w, https://www.encontroalumni.uevora.pt/2019/wp-content/uploads/sites/6/2019/03/Hotel-Riviera-150x150.png 150w" sizes="auto, (max-width: 87px) 100vw, 87px" /></td>
<td><img loading="lazy" decoding="async" class="alignnone wp-image-771" src="http://www.encontroalumni.uevora.pt/wp-content/uploads/sites/6/2019/03/Hospedaria-Del-Rei.png" alt="" width="81" height="81" srcset="https://www.encontroalumni.uevora.pt/2019/wp-content/uploads/sites/6/2019/03/Hospedaria-Del-Rei.png 960w, https://www.encontroalumni.uevora.pt/2019/wp-content/uploads/sites/6/2019/03/Hospedaria-Del-Rei-150x150.png 150w, https://www.encontroalumni.uevora.pt/2019/wp-content/uploads/sites/6/2019/03/Hospedaria-Del-Rei-300x300.png 300w, https://www.encontroalumni.uevora.pt/2019/wp-content/uploads/sites/6/2019/03/Hospedaria-Del-Rei-768x768.png 768w, https://www.encontroalumni.uevora.pt/2019/wp-content/uploads/sites/6/2019/03/Hospedaria-Del-Rei-644x644.png 644w" sizes="auto, (max-width: 81px) 100vw, 81px" /></td>
<td><img loading="lazy" decoding="async" class="alignnone wp-image-768" src="http://www.encontroalumni.uevora.pt/wp-content/uploads/sites/6/2019/03/Solar-de-Monfalim-Hotel.png" alt="" width="155" height="65" /></td>
</tr>
</tbody>
</table>
<table>
<tbody>
<tr>
<td><img loading="lazy" decoding="async" class="alignnone wp-image-765" src="http://www.encontroalumni.uevora.pt/wp-content/uploads/sites/6/2019/03/STAY-HOTEL-ÉVORA-CENTRO.jpg" alt="" width="153" height="65" srcset="https://www.encontroalumni.uevora.pt/2019/wp-content/uploads/sites/6/2019/03/STAY-HOTEL-ÉVORA-CENTRO.jpg 350w, https://www.encontroalumni.uevora.pt/2019/wp-content/uploads/sites/6/2019/03/STAY-HOTEL-ÉVORA-CENTRO-300x127.jpg 300w" sizes="auto, (max-width: 153px) 100vw, 153px" /></td>
<td><img loading="lazy" decoding="async" class="alignnone size-full wp-image-774" src="http://www.encontroalumni.uevora.pt/wp-content/uploads/sites/6/2019/03/Heaven-Inn-Évora-Hostel-1.png" alt="" width="200" height="141" /></td>
<td><img loading="lazy" decoding="async" class="alignnone size-thumbnail wp-image-927" src="http://www.encontroalumni.uevora.pt/wp-content/uploads/sites/6/2019/04/moov-150x150.jpg" alt="" width="150" height="150" /></td>
<td><img loading="lazy" decoding="async" class="alignnone size-thumbnail wp-image-941" src="http://www.encontroalumni.uevora.pt/wp-content/uploads/sites/6/2019/04/mar_de_ar_aqueduto_large500-150x150.jpg" alt="" width="150" height="150" /></td>
</tr>
</tbody>
</table>
<p><strong>Media Partner<br />
</strong></p>
<p><img loading="lazy" decoding="async" class="alignnone wp-image-245" src="http://www.encontroalumni.uevora.pt/wp-content/uploads/sites/6/2018/01/media_partner_DiArio_do_Sul-300x300.jpg" alt="" width="100" height="100" srcset="https://www.encontroalumni.uevora.pt/2019/wp-content/uploads/sites/6/2018/01/media_partner_DiArio_do_Sul-300x300.jpg 300w, https://www.encontroalumni.uevora.pt/2019/wp-content/uploads/sites/6/2018/01/media_partner_DiArio_do_Sul-150x150.jpg 150w, https://www.encontroalumni.uevora.pt/2019/wp-content/uploads/sites/6/2018/01/media_partner_DiArio_do_Sul-768x768.jpg 768w, https://www.encontroalumni.uevora.pt/2019/wp-content/uploads/sites/6/2018/01/media_partner_DiArio_do_Sul-644x644.jpg 644w, https://www.encontroalumni.uevora.pt/2019/wp-content/uploads/sites/6/2018/01/media_partner_DiArio_do_Sul.jpg 1772w" sizes="auto, (max-width: 100px) 100vw, 100px" /></p>
<p>&nbsp;</p>
