{"id":101,"date":"2017-12-15T16:30:05","date_gmt":"2017-12-15T16:30:05","guid":{"rendered":"http:\/\/www.encontroalumni.uevora.pt\/?page_id=101"},"modified":"2019-05-23T13:46:50","modified_gmt":"2019-05-23T13:46:50","slug":"programa","status":"publish","type":"page","link":"https:\/\/www.encontroalumni.uevora.pt\/2019\/programa\/","title":{"rendered":"Programa"},"content":{"rendered":"<p>&nbsp;<\/p>\n<p><img loading=\"lazy\" decoding=\"async\" class=\"alignnone size-full wp-image-876\" src=\"http:\/\/www.encontroalumni.uevora.pt\/wp-content\/uploads\/sites\/6\/2019\/04\/Tuna.png\" alt=\"\" width=\"1220\" height=\"400\" srcset=\"https:\/\/www.encontroalumni.uevora.pt\/2019\/wp-content\/uploads\/sites\/6\/2019\/04\/Tuna.png 1220w, https:\/\/www.encontroalumni.uevora.pt\/2019\/wp-content\/uploads\/sites\/6\/2019\/04\/Tuna-300x98.png 300w, https:\/\/www.encontroalumni.uevora.pt\/2019\/wp-content\/uploads\/sites\/6\/2019\/04\/Tuna-768x252.png 768w, https:\/\/www.encontroalumni.uevora.pt\/2019\/wp-content\/uploads\/sites\/6\/2019\/04\/Tuna-644x211.png 644w\" sizes=\"auto, (max-width: 1220px) 100vw, 1220px\" \/><\/p>\n<p><em><strong>Col\u00e9gio Esp\u00edrito Santo<\/strong><\/em><\/p>\n<table>\n<tbody>\n<tr>\n<td width=\"20%\"><strong>10h30 | 17h30<\/strong><\/td>\n<td width=\"80%\">Check-in (Sala de Atos)<\/td>\n<\/tr>\n<tr>\n<td><strong>17h30<\/strong><\/td>\n<td><a href=\"http:\/\/www.encontroalumni.uevora.pt\/cocktail-jantar\/\">Cocktail de Boas-vindas<\/a><\/td>\n<\/tr>\n<tr>\n<td><strong>18h30<\/strong><\/td>\n<td>\n<p style=\"text-align: left\">Audit\u00f3rio Nobre<\/p>\n<p style=\"text-align: center\"><strong>Momento Musical (1)<\/strong><br \/>\n<strong> Interven\u00e7\u00f5es<\/strong><br \/>\nReitora da Universidade de \u00c9vora<br \/>\nRepresentante do Conselho Alumni<br \/>\n<strong>Momento Musical (1)<br \/>\n<\/strong><\/p>\n<\/td>\n<\/tr>\n<tr>\n<td><strong>20h00<\/strong><\/td>\n<td><a href=\"http:\/\/www.encontroalumni.uevora.pt\/cocktail-jantar\/\">Jantar conv\u00edvio<\/a> | | bar <strong>(3)<\/strong><\/td>\n<\/tr>\n<\/tbody>\n<\/table>\n<table>\n<tbody>\n<tr>\n<td><strong>23h00<\/strong><\/td>\n<td><strong><span class=\"il\">&#8220;Caravana<\/span> Jazz Band\u201d<\/strong> &#8211; M\u00fasica Pop\/Rock internacional e portuguesa das d\u00e9cadas de 70, 80 e 90<\/td>\n<\/tr>\n<\/tbody>\n<\/table>\n<p>(1) e (2) Programa em Colabora\u00e7\u00e3o com a Escola de Artes &#8211; Quarteto de Clarinete &#8220;Preto e Prata&#8221;<\/p>\n<p>(3) Bebidas servidas em bar n\u00e3o inclu\u00eddas no valor da inscri\u00e7\u00e3o<\/p>\n<table>\n<tbody>\n<tr>\n<td width=\"20%\"><em><strong>Dress Code<\/strong><\/em><\/td>\n<td width=\"80%\">Smart &#8211; casual<\/td>\n<\/tr>\n<tr>\n<td><em><strong>Pre\u00e7o<\/strong><\/em><\/td>\n<td>25\u20ac por pessoa<br \/>\nOs alumni podem fazer-se acompanhar por familiares ou amigos mediante inscri\u00e7\u00e3o individual.<\/td>\n<\/tr>\n<\/tbody>\n<\/table>\n<p><strong>PROGRAMA COMPLEMENTAR (em desenvolvimento)<\/strong><\/p>\n<ul>\n<li>Exposi\u00e7\u00e3o &#8211; Associa\u00e7\u00e3o Acad\u00e9mica da Universidade de \u00c9vora [Sala 124 CES]<\/li>\n<\/ul>\n<p>&nbsp;<\/p>\n<ul>\n<li>Decorre o &#8220;Livros \u00e0 Rua&#8221;, organizado pela C\u00e2mara Municipal de \u00c9vora. Celebra-se \u00a0o livro e a leitura com m\u00fasica, teatro, dan\u00e7a, contos, marionetas e muito mais \u2014Largo da S\u00e9 em \u00c9vora.<\/li>\n<\/ul>\n<p>&nbsp;<\/p>\n<ul>\n<li>Visita gratuita \u00e0s Casas Pintadas; Centro de Arte e Cultura; Cole\u00e7\u00e3o de Carruagens; e Pa\u00e7o de S\u00e3o Miguel da Funda\u00e7\u00e3o Eug\u00e9nio de Almeida<\/li>\n<\/ul>\n<p>&nbsp;<\/p>\n<ul>\n<li>Atua\u00e7\u00e3o de Tunas<\/li>\n<\/ul>\n<p>&nbsp;<\/p>\n<ul>\n<li>O II Encontro Alumni ocorre simultaneamente com o segundo dia de Queima das Fitas. \u00c9 neste sentido que todos os inscritos no encontro podem comprar (no local)\u00a0<strong>bilhete a pre\u00e7o de estudante (10\u20ac)<\/strong>. Este desconto traduz a cordialidade que Associa\u00e7\u00e3o Acad\u00e9mica da Universidade de \u00c9vora atribuiu ao reconhecer a import\u00e2ncia que os alumni t\u00eam para a nossa universidade.<\/li>\n<\/ul>\n<p><img loading=\"lazy\" decoding=\"async\" class=\"alignnone size-large wp-image-1130\" src=\"http:\/\/www.encontroalumni.uevora.pt\/wp-content\/uploads\/sites\/6\/2019\/05\/59755985_2034405760022558_1249783887693873152_n-644x911.jpg\" alt=\"\" width=\"644\" height=\"911\" srcset=\"https:\/\/www.encontroalumni.uevora.pt\/2019\/wp-content\/uploads\/sites\/6\/2019\/05\/59755985_2034405760022558_1249783887693873152_n-644x911.jpg 644w, https:\/\/www.encontroalumni.uevora.pt\/2019\/wp-content\/uploads\/sites\/6\/2019\/05\/59755985_2034405760022558_1249783887693873152_n-212x300.jpg 212w, https:\/\/www.encontroalumni.uevora.pt\/2019\/wp-content\/uploads\/sites\/6\/2019\/05\/59755985_2034405760022558_1249783887693873152_n.jpg 679w\" sizes=\"auto, (max-width: 644px) 100vw, 644px\" \/><\/p>\n<p>&nbsp;<\/p>\n","protected":false},"excerpt":{"rendered":"<p>&nbsp; Col\u00e9gio Esp\u00edrito Santo 10h30 | 17h30 Check-in (Sala de Atos) 17h30 Cocktail de Boas-vindas 18h30 Audit\u00f3rio Nobre Momento Musical (1) Interven\u00e7\u00f5es Reitora da Universidade de \u00c9vora Representante do Conselho Alumni Momento Musical (1) 20h00 Jantar conv\u00edvio | | bar (3) 23h00 &#8220;Caravana Jazz Band\u201d &#8211; M\u00fasica Pop\/Rock internacional e portuguesa das d\u00e9cadas de 70,&#8230;<\/p>\n","protected":false},"author":5,"featured_media":0,"parent":0,"menu_order":0,"comment_status":"closed","ping_status":"closed","template":"","meta":{"footnotes":""},"class_list":["post-101","page","type-page","status-publish","hentry"],"_links":{"self":[{"href":"https:\/\/www.encontroalumni.uevora.pt\/2019\/wp-json\/wp\/v2\/pages\/101","targetHints":{"allow":["GET"]}}],"collection":[{"href":"https:\/\/www.encontroalumni.uevora.pt\/2019\/wp-json\/wp\/v2\/pages"}],"about":[{"href":"https:\/\/www.encontroalumni.uevora.pt\/2019\/wp-json\/wp\/v2\/types\/page"}],"author":[{"embeddable":true,"href":"https:\/\/www.encontroalumni.uevora.pt\/2019\/wp-json\/wp\/v2\/users\/5"}],"replies":[{"embeddable":true,"href":"https:\/\/www.encontroalumni.uevora.pt\/2019\/wp-json\/wp\/v2\/comments?post=101"}],"version-history":[{"count":34,"href":"https:\/\/www.encontroalumni.uevora.pt\/2019\/wp-json\/wp\/v2\/pages\/101\/revisions"}],"predecessor-version":[{"id":1166,"href":"https:\/\/www.encontroalumni.uevora.pt\/2019\/wp-json\/wp\/v2\/pages\/101\/revisions\/1166"}],"wp:attachment":[{"href":"https:\/\/www.encontroalumni.uevora.pt\/2019\/wp-json\/wp\/v2\/media?parent=101"}],"curies":[{"name":"wp","href":"https:\/\/api.w.org\/{rel}","templated":true}]}}